{"id":340,"date":"2013-02-04T20:16:41","date_gmt":"2013-02-04T18:16:41","guid":{"rendered":"http:\/\/www.mvettingen.ch\/?page_id=340"},"modified":"2025-12-14T17:59:45","modified_gmt":"2025-12-14T16:59:45","slug":"mve-chronik","status":"publish","type":"page","link":"https:\/\/www.mvettingen.ch\/?page_id=340","title":{"rendered":"MVE Chronik"},"content":{"rendered":"\n<h2 class=\"wp-block-heading\">Auszug aus der Chronik Musikverein Ettingen 2000\u20132025<\/h2>\n\n\n\n<p>Die Chronik des Musikvereins Ettingen (MVE) von 2000 bis 2025 dokumentiert eine \u00c4ra musikalischer Erfolge und organisatorischer Herausforderungen, die im 100-j\u00e4hrigen Jubil\u00e4um 2025 ihren H\u00f6hepunkt findet.<\/p>\n\n\n<div class=\"wp-block-image\">\n<figure class=\"alignleft size-large\"><img loading=\"lazy\" decoding=\"async\" width=\"1024\" height=\"601\" src=\"https:\/\/www.mvettingen.ch\/wp-content\/uploads\/2025\/12\/MV-Ettingen-2000-Vereinsfoto-600dpi-1024x601.png\" alt=\"\" class=\"wp-image-391556\" srcset=\"https:\/\/www.mvettingen.ch\/wp-content\/uploads\/2025\/12\/MV-Ettingen-2000-Vereinsfoto-600dpi-1024x601.png 1024w, https:\/\/www.mvettingen.ch\/wp-content\/uploads\/2025\/12\/MV-Ettingen-2000-Vereinsfoto-600dpi-300x176.png 300w, https:\/\/www.mvettingen.ch\/wp-content\/uploads\/2025\/12\/MV-Ettingen-2000-Vereinsfoto-600dpi-768x451.png 768w, https:\/\/www.mvettingen.ch\/wp-content\/uploads\/2025\/12\/MV-Ettingen-2000-Vereinsfoto-600dpi-1536x902.png 1536w, https:\/\/www.mvettingen.ch\/wp-content\/uploads\/2025\/12\/MV-Ettingen-2000-Vereinsfoto-600dpi-2048x1202.png 2048w\" sizes=\"auto, (max-width: 1024px) 100vw, 1024px\" \/><figcaption class=\"wp-element-caption\">MV Ettingen 2000<\/figcaption><\/figure>\n<\/div>\n\n\n<p>Es startete fulminant: Im Jahr 2000 richtete der MVE anl\u00e4sslich seines 75-Jahr-Jubil\u00e4ums gleich einen Grossanlass aus \u2013 das 19. Kantonale Musikfest Baselland und das 10. Kantonale Jugendmusikfest. Die logistische Meisterleistung war ein voller Erfolg und stellte das Dorf Ettingen in den Mittelpunkt der Blasmusik. Die Urauff\u00fchrung des Aufgabenst\u00fccks \u201eEine kleine Dorfmusik\u201c, das eigens auf Ettingen zugeschnitten war, bildete einen emotionalen H\u00f6hepunkt.<\/p>\n\n\n\n<p>In den Folgejahren fand ein wichtiger Wandel in der Vereinsf\u00fchrung statt: Auf Thomas Schneider folgte Heinz Ruchti (2001) als Pr\u00e4sident, und Dirigent Philipp Muster wurde 2002 von Gustav Olofsson abgel\u00f6st. 2004 wurde das traditionelle Fr\u00fchlingskonzert mit einem neuen, stimmungsvolleren Saalkonzept in der Mehrzweckhalle eingef\u00fchrt. Aufgrund zunehmender organisatorischer Auflagen sah sich der Verein jedoch gezwungen, das beliebte Oktoberfest nach 2004 einzustellen.<\/p>\n\n\n\n<p>Ein bedeutender Meilenstein war die Neuinstrumentierung im Jahr 2005, die dem Verein einen musikalischen Aufschwung verschaffte und durch grossz\u00fcgige Spenden erm\u00f6glicht wurde. Unter Dirigent Wolfgang Hamm (ab 2006) folgte 2008 ein hochstehendes Gemeinschaftskonzert mit dem M\u00e4nnerchor und dem Kirchenchor Ettingen. Die erfolgreiche Teilnahme am Kantonalen Musikfest in Muttenz 2010 unterstrich die musikalische St\u00e4rke.<br>Unter Andr\u00e9 M\u00fcller (ab 2013) fand 2016 schliesslich der grosse Erfolg statt: Der MVE nahm, zusammen mit der Musikgesellschaft Concordia Therwil, erstmals in seiner Geschichte am Eidgen\u00f6ssischen Musikfest (EMF) in Montreux teil. Dieses gemeinsame Musikerlebnis am Genfersee, bei dem 238 Punkte erzielt wurden, war ein pr\u00e4gendes Ereignis. Matteo Genini \u00fcbernahm Mitte 2016 die musikalische Leitung.<\/p>\n\n\n\n<p>Die Jahre 2020 und 2021 waren durch die COVID-19-Pandemie gepr\u00e4gt, die zu Probenstopps, Veranstaltungsabsagen und dem Verlust sozialer Kontakte f\u00fchrte.<br>Der Verlust der langj\u00e4hrigen Vereinsgastst\u00e4tte, des Restaurants Rebstock, im Jahr 2021 stellte eine weitere emotionale Z\u00e4sur dar. Getragen vom starken Zusammenhalt und digitaler Kommunikation meisterte der Verein diese schwierige Zeit. Nach der Pandemie \u00fcbernahm der Profimusiker Remo Schnyder (Mitte 2023) den Dirigentenstab und f\u00fchrte den Verein mit Feingef\u00fchl in neue musikalische Sph\u00e4ren. Eine besondere Ehre erfuhr der Verein im Jahr 2024, als er von der B\u00fcrgergemeinde den Ettinger Preis f\u00fcr sein langj\u00e4hriges kulturelles und musikalisches Engagement im Dorfleben erhielt. Trotz des allgemeinen Trends sinkender Mitgliederzahlen im Laienmusikbereich (16 Aktive im Jahr 2025), blickt der MVE, als aktiver und gesch\u00e4tzter Teil des Dorflebens, stolz auf seine Chronik bis zum 100-j\u00e4hrigen Jubil\u00e4um 2025 zur\u00fcck. Die treue Zuh\u00f6rerschaft belohnt die Leidenschaft und das grosse Engagement des Vereins.<\/p>\n\n\n\n<div style=\"height:91px\" aria-hidden=\"true\" class=\"wp-block-spacer\"><\/div>\n\n\n\n<figure class=\"wp-block-table\"><table class=\"has-fixed-layout\"><thead><tr><td><strong>Jahr<\/strong><\/td><td><strong>Ereignis<\/strong><\/td><\/tr><\/thead><tbody><tr><td><strong>1925<\/strong><\/td><td>Grundsteinlegung zur eigenen <strong>Musiksektion des Katholischen J\u00fcnglingsvereins<\/strong> am 18. Januar.<\/td><\/tr><tr><td><strong>1926<\/strong><\/td><td><strong>Einweihung der ersten Instrumente.<\/strong><\/td><\/tr><tr><td><strong>1928<\/strong><\/td><td><strong>Trennung<\/strong> der Musiksektion vom Stammverein.<\/td><\/tr><tr><td><strong>1933<\/strong><\/td><td><strong>Fahnenweihe.<\/strong><\/td><\/tr><tr><td><strong>1943<\/strong><\/td><td>Der Musikverein Ettingen erh\u00e4lt die <strong>erste Uniform.<\/strong><\/td><\/tr><tr><td><strong>1949<\/strong><\/td><td>Feier des <strong>25-j\u00e4hrigen Bestehens<\/strong> am 13. und 14. August.<\/td><\/tr><tr><td><strong>1964<\/strong><\/td><td><strong>Einweihung der zweiten Uniform.<\/strong><\/td><\/tr><tr><td><strong>1975<\/strong><\/td><td><strong>50 Jahre Musikverein Ettingen.<\/strong> Anlass war ein kulturhistorischer Umzug (&#8222;Ettingen anno 1925&#8220;), dessen Ausstellungsst\u00fccke die Idee f\u00fcr das sp\u00e4tere Dorfmuseum &#8222;Guggerhuus&#8220; befl\u00fcgelten.<\/td><\/tr><tr><td><strong>1982<\/strong><\/td><td>Der Musikverein wird <strong>neu eingekleidet<\/strong> (dritte Uniform).<\/td><\/tr><tr><td><strong>1988<\/strong><\/td><td><strong>Einweihung der dritten Fahne.<\/strong><\/td><\/tr><tr><td><strong>1995<\/strong><\/td><td>Der Musikverein erh\u00e4lt seine <strong>vierte Uniform.<\/strong><\/td><\/tr><tr><td><strong>2000<\/strong><\/td><td><strong>75 Jahre Musikverein Ettingen.<\/strong> Durchf\u00fchrung des Basellandschaftlichen Kantonalen Musikfest.<\/td><\/tr><tr><td><strong>2005<\/strong><\/td><td><strong>Neuinstrumentierung.<\/strong><\/td><\/tr><tr><td><strong>2016<\/strong><\/td><td>Teilnahme am eidgen\u00f6ssichen Musikfest in Montreux mit dem MGC Therwil<\/td><\/tr><tr><td><strong>2025<\/strong><\/td><td>100 Jahre Musikvereine Ettingen<\/td><\/tr><\/tbody><\/table><\/figure>\n\n\n\n<div style=\"height:60px\" aria-hidden=\"true\" class=\"wp-block-spacer\"><\/div>\n\n\n<div class=\"wp-block-image\">\n<figure class=\"alignleft size-large\"><img loading=\"lazy\" decoding=\"async\" width=\"1024\" height=\"645\" src=\"https:\/\/www.mvettingen.ch\/wp-content\/uploads\/2025\/12\/Vereinsfoto-1992-1024x645.jpg\" alt=\"\" class=\"wp-image-391558\" srcset=\"https:\/\/www.mvettingen.ch\/wp-content\/uploads\/2025\/12\/Vereinsfoto-1992-1024x645.jpg 1024w, https:\/\/www.mvettingen.ch\/wp-content\/uploads\/2025\/12\/Vereinsfoto-1992-300x189.jpg 300w, https:\/\/www.mvettingen.ch\/wp-content\/uploads\/2025\/12\/Vereinsfoto-1992-768x484.jpg 768w, https:\/\/www.mvettingen.ch\/wp-content\/uploads\/2025\/12\/Vereinsfoto-1992-1536x967.jpg 1536w, https:\/\/www.mvettingen.ch\/wp-content\/uploads\/2025\/12\/Vereinsfoto-1992-2048x1290.jpg 2048w\" sizes=\"auto, (max-width: 1024px) 100vw, 1024px\" \/><figcaption class=\"wp-element-caption\">MV Ettingen 1992<\/figcaption><\/figure>\n<\/div>\n\n\n<div style=\"height:78px\" aria-hidden=\"true\" class=\"wp-block-spacer\"><\/div>\n\n\n\n<h2 class=\"wp-block-heading\"><strong>Chronik des Musikverein Ettingen von 2000 bsi 2025, erstellt durch Thomas Heinis:<\/strong><\/h2>\n\n\n\n<div data-wp-interactive=\"core\/file\" class=\"wp-block-file\"><object data-wp-bind--hidden=\"!state.hasPdfPreview\" hidden class=\"wp-block-file__embed\" data=\"https:\/\/www.mvettingen.ch\/wp-content\/uploads\/2025\/12\/Chronik-2000-2025.pdf\" type=\"application\/pdf\" style=\"width:100%;height:600px\" aria-label=\"Einbettung von Chronik des Musikverein Ettingen von 2000 bis 2025.\"><\/object><a id=\"wp-block-file--media-e5f62c13-f7db-4487-b646-ba31ca260e1e\" href=\"https:\/\/www.mvettingen.ch\/wp-content\/uploads\/2025\/12\/Chronik-2000-2025.pdf\">Chronik des Musikverein Ettingen von 2000 bis 2025<\/a><a href=\"https:\/\/www.mvettingen.ch\/wp-content\/uploads\/2025\/12\/Chronik-2000-2025.pdf\" class=\"wp-block-file__button wp-element-button\" download aria-describedby=\"wp-block-file--media-e5f62c13-f7db-4487-b646-ba31ca260e1e\">Herunterladen<\/a><\/div>\n","protected":false},"excerpt":{"rendered":"<p>Auszug aus der Chronik Musikverein Ettingen 2000\u20132025 Die Chronik des Musikvereins Ettingen (MVE) von 2000 bis 2025 dokumentiert eine \u00c4ra musikalischer Erfolge und organisatorischer Herausforderungen, die im 100-j\u00e4hrigen Jubil\u00e4um 2025 ihren H\u00f6hepunkt findet. Es startete fulminant: Im Jahr 2000 richtete der MVE anl\u00e4sslich seines 75-Jahr-Jubil\u00e4ums gleich einen Grossanlass aus \u2013 das 19. Kantonale Musikfest Baselland [&hellip;]<\/p>\n","protected":false},"author":1,"featured_media":0,"parent":0,"menu_order":0,"comment_status":"closed","ping_status":"open","template":"template-full.php","meta":{"footnotes":""},"class_list":["post-340","page","type-page","status-publish","hentry"],"_links":{"self":[{"href":"https:\/\/www.mvettingen.ch\/index.php?rest_route=\/wp\/v2\/pages\/340","targetHints":{"allow":["GET"]}}],"collection":[{"href":"https:\/\/www.mvettingen.ch\/index.php?rest_route=\/wp\/v2\/pages"}],"about":[{"href":"https:\/\/www.mvettingen.ch\/index.php?rest_route=\/wp\/v2\/types\/page"}],"author":[{"embeddable":true,"href":"https:\/\/www.mvettingen.ch\/index.php?rest_route=\/wp\/v2\/users\/1"}],"replies":[{"embeddable":true,"href":"https:\/\/www.mvettingen.ch\/index.php?rest_route=%2Fwp%2Fv2%2Fcomments&post=340"}],"version-history":[{"count":5,"href":"https:\/\/www.mvettingen.ch\/index.php?rest_route=\/wp\/v2\/pages\/340\/revisions"}],"predecessor-version":[{"id":391560,"href":"https:\/\/www.mvettingen.ch\/index.php?rest_route=\/wp\/v2\/pages\/340\/revisions\/391560"}],"wp:attachment":[{"href":"https:\/\/www.mvettingen.ch\/index.php?rest_route=%2Fwp%2Fv2%2Fmedia&parent=340"}],"curies":[{"name":"wp","href":"https:\/\/api.w.org\/{rel}","templated":true}]}}

<h2 class="wp-block-heading">Auszug aus der Chronik Musikverein Ettingen 2000–2025</h2>



<p>Die Chronik des Musikvereins Ettingen (MVE) von 2000 bis 2025 dokumentiert eine Ära musikalischer Erfolge und organisatorischer Herausforderungen, die im 100-jährigen Jubiläum 2025 ihren Höhepunkt findet.</p>


<div class="wp-block-image">
<figure class="alignleft size-large"><img loading="lazy" decoding="async" width="1024" height="601" src="https://www.mvettingen.ch/wp-content/uploads/2025/12/MV-Ettingen-2000-Vereinsfoto-600dpi-1024x601.png" alt="" class="wp-image-391556" srcset="https://www.mvettingen.ch/wp-content/uploads/2025/12/MV-Ettingen-2000-Vereinsfoto-600dpi-1024x601.png 1024w, https://www.mvettingen.ch/wp-content/uploads/2025/12/MV-Ettingen-2000-Vereinsfoto-600dpi-300x176.png 300w, https://www.mvettingen.ch/wp-content/uploads/2025/12/MV-Ettingen-2000-Vereinsfoto-600dpi-768x451.png 768w, https://www.mvettingen.ch/wp-content/uploads/2025/12/MV-Ettingen-2000-Vereinsfoto-600dpi-1536x902.png 1536w, https://www.mvettingen.ch/wp-content/uploads/2025/12/MV-Ettingen-2000-Vereinsfoto-600dpi-2048x1202.png 2048w" sizes="auto, (max-width: 1024px) 100vw, 1024px" /><figcaption class="wp-element-caption">MV Ettingen 2000</figcaption></figure>
</div>


<p>Es startete fulminant: Im Jahr 2000 richtete der MVE anlässlich seines 75-Jahr-Jubiläums gleich einen Grossanlass aus – das 19. Kantonale Musikfest Baselland und das 10. Kantonale Jugendmusikfest. Die logistische Meisterleistung war ein voller Erfolg und stellte das Dorf Ettingen in den Mittelpunkt der Blasmusik. Die Uraufführung des Aufgabenstücks „Eine kleine Dorfmusik“, das eigens auf Ettingen zugeschnitten war, bildete einen emotionalen Höhepunkt.</p>



<p>In den Folgejahren fand ein wichtiger Wandel in der Vereinsführung statt: Auf Thomas Schneider folgte Heinz Ruchti (2001) als Präsident, und Dirigent Philipp Muster wurde 2002 von Gustav Olofsson abgelöst. 2004 wurde das traditionelle Frühlingskonzert mit einem neuen, stimmungsvolleren Saalkonzept in der Mehrzweckhalle eingeführt. Aufgrund zunehmender organisatorischer Auflagen sah sich der Verein jedoch gezwungen, das beliebte Oktoberfest nach 2004 einzustellen.</p>



<p>Ein bedeutender Meilenstein war die Neuinstrumentierung im Jahr 2005, die dem Verein einen musikalischen Aufschwung verschaffte und durch grosszügige Spenden ermöglicht wurde. Unter Dirigent Wolfgang Hamm (ab 2006) folgte 2008 ein hochstehendes Gemeinschaftskonzert mit dem Männerchor und dem Kirchenchor Ettingen. Die erfolgreiche Teilnahme am Kantonalen Musikfest in Muttenz 2010 unterstrich die musikalische Stärke.<br>Unter André Müller (ab 2013) fand 2016 schliesslich der grosse Erfolg statt: Der MVE nahm, zusammen mit der Musikgesellschaft Concordia Therwil, erstmals in seiner Geschichte am Eidgenössischen Musikfest (EMF) in Montreux teil. Dieses gemeinsame Musikerlebnis am Genfersee, bei dem 238 Punkte erzielt wurden, war ein prägendes Ereignis. Matteo Genini übernahm Mitte 2016 die musikalische Leitung.</p>



<p>Die Jahre 2020 und 2021 waren durch die COVID-19-Pandemie geprägt, die zu Probenstopps, Veranstaltungsabsagen und dem Verlust sozialer Kontakte führte.<br>Der Verlust der langjährigen Vereinsgaststätte, des Restaurants Rebstock, im Jahr 2021 stellte eine weitere emotionale Zäsur dar. Getragen vom starken Zusammenhalt und digitaler Kommunikation meisterte der Verein diese schwierige Zeit. Nach der Pandemie übernahm der Profimusiker Remo Schnyder (Mitte 2023) den Dirigentenstab und führte den Verein mit Feingefühl in neue musikalische Sphären. Eine besondere Ehre erfuhr der Verein im Jahr 2024, als er von der Bürgergemeinde den Ettinger Preis für sein langjähriges kulturelles und musikalisches Engagement im Dorfleben erhielt. Trotz des allgemeinen Trends sinkender Mitgliederzahlen im Laienmusikbereich (16 Aktive im Jahr 2025), blickt der MVE, als aktiver und geschätzter Teil des Dorflebens, stolz auf seine Chronik bis zum 100-jährigen Jubiläum 2025 zurück. Die treue Zuhörerschaft belohnt die Leidenschaft und das grosse Engagement des Vereins.</p>



<div style="height:91px" aria-hidden="true" class="wp-block-spacer"></div>



<figure class="wp-block-table"><table class="has-fixed-layout"><thead><tr><td><strong>Jahr</strong></td><td><strong>Ereignis</strong></td></tr></thead><tbody><tr><td><strong>1925</strong></td><td>Grundsteinlegung zur eigenen <strong>Musiksektion des Katholischen Jünglingsvereins</strong> am 18. Januar.</td></tr><tr><td><strong>1926</strong></td><td><strong>Einweihung der ersten Instrumente.</strong></td></tr><tr><td><strong>1928</strong></td><td><strong>Trennung</strong> der Musiksektion vom Stammverein.</td></tr><tr><td><strong>1933</strong></td><td><strong>Fahnenweihe.</strong></td></tr><tr><td><strong>1943</strong></td><td>Der Musikverein Ettingen erhält die <strong>erste Uniform.</strong></td></tr><tr><td><strong>1949</strong></td><td>Feier des <strong>25-jährigen Bestehens</strong> am 13. und 14. August.</td></tr><tr><td><strong>1964</strong></td><td><strong>Einweihung der zweiten Uniform.</strong></td></tr><tr><td><strong>1975</strong></td><td><strong>50 Jahre Musikverein Ettingen.</strong> Anlass war ein kulturhistorischer Umzug (&#8222;Ettingen anno 1925&#8220;), dessen Ausstellungsstücke die Idee für das spätere Dorfmuseum &#8222;Guggerhuus&#8220; beflügelten.</td></tr><tr><td><strong>1982</strong></td><td>Der Musikverein wird <strong>neu eingekleidet</strong> (dritte Uniform).</td></tr><tr><td><strong>1988</strong></td><td><strong>Einweihung der dritten Fahne.</strong></td></tr><tr><td><strong>1995</strong></td><td>Der Musikverein erhält seine <strong>vierte Uniform.</strong></td></tr><tr><td><strong>2000</strong></td><td><strong>75 Jahre Musikverein Ettingen.</strong> Durchführung des Basellandschaftlichen Kantonalen Musikfest.</td></tr><tr><td><strong>2005</strong></td><td><strong>Neuinstrumentierung.</strong></td></tr><tr><td><strong>2016</strong></td><td>Teilnahme am eidgenössichen Musikfest in Montreux mit dem MGC Therwil</td></tr><tr><td><strong>2025</strong></td><td>100 Jahre Musikvereine Ettingen</td></tr></tbody></table></figure>



<div style="height:60px" aria-hidden="true" class="wp-block-spacer"></div>


<div class="wp-block-image">
<figure class="alignleft size-large"><img loading="lazy" decoding="async" width="1024" height="645" src="https://www.mvettingen.ch/wp-content/uploads/2025/12/Vereinsfoto-1992-1024x645.jpg" alt="" class="wp-image-391558" srcset="https://www.mvettingen.ch/wp-content/uploads/2025/12/Vereinsfoto-1992-1024x645.jpg 1024w, https://www.mvettingen.ch/wp-content/uploads/2025/12/Vereinsfoto-1992-300x189.jpg 300w, https://www.mvettingen.ch/wp-content/uploads/2025/12/Vereinsfoto-1992-768x484.jpg 768w, https://www.mvettingen.ch/wp-content/uploads/2025/12/Vereinsfoto-1992-1536x967.jpg 1536w, https://www.mvettingen.ch/wp-content/uploads/2025/12/Vereinsfoto-1992-2048x1290.jpg 2048w" sizes="auto, (max-width: 1024px) 100vw, 1024px" /><figcaption class="wp-element-caption">MV Ettingen 1992</figcaption></figure>
</div>


<div style="height:78px" aria-hidden="true" class="wp-block-spacer"></div>



<h2 class="wp-block-heading"><strong>Chronik des Musikverein Ettingen von 2000 bsi 2025, erstellt durch Thomas Heinis:</strong></h2>



<div data-wp-interactive="core/file" class="wp-block-file"><object data-wp-bind--hidden="!state.hasPdfPreview" hidden class="wp-block-file__embed" data="https://www.mvettingen.ch/wp-content/uploads/2025/12/Chronik-2000-2025.pdf" type="application/pdf" style="width:100%;height:600px" aria-label="Einbettung von Chronik des Musikverein Ettingen von 2000 bis 2025."></object><a id="wp-block-file--media-e5f62c13-f7db-4487-b646-ba31ca260e1e" href="https://www.mvettingen.ch/wp-content/uploads/2025/12/Chronik-2000-2025.pdf">Chronik des Musikverein Ettingen von 2000 bis 2025</a><a href="https://www.mvettingen.ch/wp-content/uploads/2025/12/Chronik-2000-2025.pdf" class="wp-block-file__button wp-element-button" download aria-describedby="wp-block-file--media-e5f62c13-f7db-4487-b646-ba31ca260e1e">Herunterladen</a></div>

<p>Auszug aus der Chronik Musikverein Ettingen 2000–2025 Die Chronik des Musikvereins Ettingen (MVE) von 2000 bis 2025 dokumentiert eine Ära musikalischer Erfolge und organisatorischer Herausforderungen, die im 100-jährigen Jubiläum 2025 ihren Höhepunkt findet. Es startete fulminant: Im Jahr 2000 richtete der MVE anlässlich seines 75-Jahr-Jubiläums gleich einen Grossanlass aus – das 19. Kantonale Musikfest Baselland [&hellip;]</p>
