{"id":391459,"date":"2025-08-18T22:32:27","date_gmt":"2025-08-18T20:32:27","guid":{"rendered":"https:\/\/www.mvettingen.ch\/?page_id=391459"},"modified":"2025-12-14T10:45:38","modified_gmt":"2025-12-14T09:45:38","slug":"musikverein-ettingen-neu-uniformierung","status":"publish","type":"page","link":"https:\/\/www.mvettingen.ch\/?page_id=391459","title":{"rendered":"Neu-Uniformierung"},"content":{"rendered":"\n<h2 class=\"wp-block-heading\" style=\"font-size:38px;line-height:1.4\"><strong>Bericht 13. Dezember 2025 Konzert zur Neu-Uniformierung<\/strong><\/h2>\n\n\n<div class=\"wp-block-image\">\n<figure class=\"aligncenter size-large\"><img loading=\"lazy\" decoding=\"async\" width=\"1024\" height=\"848\" src=\"https:\/\/www.mvettingen.ch\/wp-content\/uploads\/2025\/12\/IMG-20251213-WA00024-1024x848.jpg\" alt=\"\" class=\"wp-image-391533\" srcset=\"https:\/\/www.mvettingen.ch\/wp-content\/uploads\/2025\/12\/IMG-20251213-WA00024-1024x848.jpg 1024w, https:\/\/www.mvettingen.ch\/wp-content\/uploads\/2025\/12\/IMG-20251213-WA00024-300x249.jpg 300w, https:\/\/www.mvettingen.ch\/wp-content\/uploads\/2025\/12\/IMG-20251213-WA00024-768x636.jpg 768w, https:\/\/www.mvettingen.ch\/wp-content\/uploads\/2025\/12\/IMG-20251213-WA00024-1536x1272.jpg 1536w, https:\/\/www.mvettingen.ch\/wp-content\/uploads\/2025\/12\/IMG-20251213-WA00024-2048x1697.jpg 2048w\" sizes=\"auto, (max-width: 1024px) 100vw, 1024px\" \/><\/figure>\n<\/div>\n\n\n<div class=\"wp-block-columns is-layout-flex wp-container-core-columns-is-layout-9d6595d7 wp-block-columns-is-layout-flex\">\n<div class=\"wp-block-column is-layout-flow wp-block-column-is-layout-flow\">\n<h2 class=\"wp-block-heading\">Musikalischer Glanz und Modische Premiere: Musikverein Ettingen pr\u00e4sentiert neue Uniform<\/h2>\n\n\n\n<p><strong>Ettingen, 13. Dezember 2025<\/strong> \u2013 Ein Abend voller Spannung, Musik und festlicher Atmosph\u00e4re pr\u00e4gte den vergangenen Samstag in der Aula des Schulhauses Hintere Matten. Zahlreiche Besucherinnen und Besucher str\u00f6mten zum Konzert des <strong>Musikvereins Ettingen<\/strong>, um dem aufregenden Moment der <strong>Neu-Uniformierung<\/strong> beizuwohnen.<\/p>\n\n\n\n<p>Die Erwartung war sp\u00fcrbar, als <strong>Didi Berger<\/strong> mit einer kurzen Begr\u00fcssung und Er\u00f6ffnungsrede den Abend er\u00f6ffnete. Didi Berger f\u00fchrte das Publikum <strong>spannend, lustig und abwechslungsreich<\/strong> durch das Programm und trug massgeblich zur lockeren Stimmung bei.<\/p>\n\n\n\n<h3 class=\"wp-block-heading\">Ein musikalischer Auftakt vor dem Catwalk<\/h3>\n\n\n\n<p>Unter grossem Applaus betrat der Musikverein Ettingen die B\u00fchne und legte gleich mit einem musikalischen Paukenschlag los: Mit der <strong>&#8222;Firework Selection&#8220;<\/strong> von G. F. H\u00e4ndel wurde das Publikum in Hochstimmung versetzt.<\/p>\n\n\n\n<p>Danach war es soweit: Der Moment, auf den alle gewartet hatten. Die Musikerinnen und Musiker pr\u00e4sentierten ihre <strong>neue Uniform<\/strong>. In einer <strong>spannenden und abwechslungsreichen Pr\u00e4sentation<\/strong> wurden das <strong>Damen- und Herrenmodell<\/strong> sowie die praktische <strong>neue Softshell-Jacke<\/strong> vorgestellt \u2013 eine gelungene Kombination aus Tradition und modernem Tragekomfort.<\/p>\n\n\n\n<h3 class=\"wp-block-heading\">Vom Piratenepos zum Weihnachtsklassiker<\/h3>\n\n\n\n<p>Nachdem die neue Garderobe geb\u00fchrend gefeiert wurde, bewies der Musikverein Ettingen unter der <strong>musikalischen Leitung von Remo Schnyder<\/strong> einmal mehr seine Vielseitigkeit.<\/p>\n\n\n\n<p>Das Ensemble entf\u00fchrte das Publikum zuerst in die Welt der grossen Leinwand: Die dramatischen Kl\u00e4nge aus <strong>&#8222;Pirates of the Caribbean&#8220;<\/strong> (John Williams) und das epische Thema von <strong>&#8222;1492 Conquest of Paradise&#8220;<\/strong> (Vangelis) bildeten einen beeindruckenden Block. Darauf folgte ein hochaktuelles Highlight: <strong>&#8222;The Code&#8220;<\/strong> von Nemo, das Siegerlied des Eurovision Song Contest 2024, welches f\u00fcr eine besondere \u00dcberraschung im Programm sorgte.<\/p>\n\n\n\n<p>Anschliessend ging es weiter in eine andere Epoche und zu unterschiedlichen Stimmungen. Mit den schwungvollen <strong>&#8222;Evergreens der 30er Jahre&#8220;<\/strong> sorgte der Verein f\u00fcr beschwingte Momente, bevor die tiefgr\u00fcndigen Kl\u00e4nge von John Williams\u2019 <strong>&#8222;A Prayer for Peace&#8220;<\/strong> folgten. Temperamentvoll wurde es mit dem <strong>&#8222;Ungarischen Tanz Nr. 5&#8220;<\/strong> von Johannes Brahms (arr. Siegfried Rundel). Das Publikum erlebte somit eine abwechslungsreiche Reise, die von Filmmusik \u00fcber besinnliche Melodien und Evergreens bis hin zum ESC-Hit alles bot. Zum kr\u00f6nenden und festlichen Abschluss durften die beiden beliebten Weihnachtsklassiker <strong>Rudolph the Red-Nosed Reindeer<\/strong> und <strong>Stille Nacht<\/strong> nat\u00fcrlich nicht fehlen und rundeten das Programm perfekt ab.<\/p>\n\n\n\n<h3 class=\"wp-block-heading\">Ein w\u00fcrdiger Abschluss des Jubil\u00e4ums<\/h3>\n\n\n\n<p>Der Abend war ein <strong>gelungener, modischer und musikalischer H\u00f6hepunkt<\/strong> und bildete gleichzeitig den feierlichen <strong>Abschluss der Feierlichkeiten zum 100-j\u00e4hrigen Jubil\u00e4um<\/strong> des Musikvereins Ettingen.<\/p>\n\n\n\n<p>Der Musikverein Ettingen bedankt sich von Herzen bei allen <strong>Sponsoren, G\u00f6nnern, Unterst\u00fctzern, Beh\u00f6rden, Passivmitgliedern und Freunden<\/strong>, die durch ihre Hilfe die Anschaffung der neuen Uniform erm\u00f6glicht haben.<\/p>\n\n\n\n<blockquote class=\"wp-block-quote is-layout-flow wp-block-quote-is-layout-flow\">\n<p>&#8222;Danke euch durften wir am Samstag den 13. Dezember unsere neue Uniform einweihen. Ein herzliches Dankesch\u00f6n.&#8220;<\/p>\n<\/blockquote>\n\n\n\n<p>Mit diesem festlichen Ereignis verabschiedet sich der Musikverein Ettingen und w\u00fcnscht allen <strong>sch\u00f6ne Weihnachten und einen guten Start ins 2026!<\/strong><\/p>\n\n\n\n<p style=\"font-size:18px\">Herzlichen Dank f\u00fcr Ihre grossz\u00fcgige Unterst\u00fctzung! Ihre Spende k\u00f6nnen Sie uns ganz einfach und bequem via Twint zukommen lassen.<\/p>\n\n\n\n<div style=\"height:100px\" aria-hidden=\"true\" class=\"wp-block-spacer\"><\/div>\n\n\n\n<div id=\"rnw-paylink-button-xtpzc\"><\/div>\n<script type=\"module\">\n  import {TwintButton} from \"https:\/\/unpkg.com\/@raisenow\/paylink-button@2\/dist\/TwintButton.js\"\n  TwintButton.render(\"#rnw-paylink-button-xtpzc\", {\n    \"solution-id\": \"xtpzc\",\n    \"solution-type\": \"donate\",\n    \"language\": \"de\",\n    \"size\": \"large\",\n    \"width\": \"fixed\",\n    \"color-scheme\": \"dark\",\n  })\n<\/script>\n<\/div>\n<\/div>\n\n\n\n<div style=\"height:44px\" aria-hidden=\"true\" class=\"wp-block-spacer\"><\/div>\n\n\n\n<figure class=\"wp-block-image size-full\"><img loading=\"lazy\" decoding=\"async\" width=\"894\" height=\"631\" src=\"https:\/\/www.mvettingen.ch\/wp-content\/uploads\/2025\/11\/Programmseite-1.png\" alt=\"\" class=\"wp-image-391526\" srcset=\"https:\/\/www.mvettingen.ch\/wp-content\/uploads\/2025\/11\/Programmseite-1.png 894w, https:\/\/www.mvettingen.ch\/wp-content\/uploads\/2025\/11\/Programmseite-1-300x212.png 300w, https:\/\/www.mvettingen.ch\/wp-content\/uploads\/2025\/11\/Programmseite-1-768x542.png 768w\" sizes=\"auto, (max-width: 894px) 100vw, 894px\" \/><\/figure>\n\n\n\n<div style=\"height:26px\" aria-hidden=\"true\" class=\"wp-block-spacer\"><\/div>\n\n\n\n<h2 class=\"wp-block-heading\">Unsere Sponsoren f\u00fcr die Neu-Uniformierung<\/h2>\n\n\n\n<div class=\"wp-block-group is-layout-grid wp-container-core-group-is-layout-9649a0d9 wp-block-group-is-layout-grid\">\n<figure class=\"wp-block-image size-full\"><a href=\"https:\/\/share.google\/UNOGzEED73weWFq9k\"><img loading=\"lazy\" decoding=\"async\" width=\"253\" height=\"94\" src=\"https:\/\/www.mvettingen.ch\/wp-content\/uploads\/2025\/10\/Logo-Sponsoren4.jpg\" alt=\"\" class=\"wp-image-391491\"\/><\/a><\/figure>\n\n\n\n<figure class=\"wp-block-image size-full wp-container-content-69bc4bdf\"><a href=\"https:\/\/jeker-beck.ch\/\"><img loading=\"lazy\" decoding=\"async\" width=\"236\" height=\"94\" src=\"https:\/\/www.mvettingen.ch\/wp-content\/uploads\/2025\/10\/Logo-Sponsoren5.jpg\" alt=\"\" class=\"wp-image-391490\"\/><\/a><\/figure>\n\n\n\n<figure class=\"wp-block-image size-full\"><a href=\"https:\/\/www.thuering-spenglerei.ch\/\"><img loading=\"lazy\" decoding=\"async\" width=\"162\" height=\"105\" src=\"https:\/\/www.mvettingen.ch\/wp-content\/uploads\/2025\/10\/Logo-Sponsoren6.jpg\" alt=\"\" class=\"wp-image-391489\"\/><\/a><\/figure>\n\n\n\n<figure class=\"wp-block-image size-full\"><img loading=\"lazy\" decoding=\"async\" width=\"204\" height=\"86\" src=\"https:\/\/www.mvettingen.ch\/wp-content\/uploads\/2025\/10\/Logo-Sponsoren7.jpg\" alt=\"\" class=\"wp-image-391488\"\/><\/figure>\n<\/div>\n\n\n\n<div class=\"wp-block-group is-layout-grid wp-container-core-group-is-layout-9649a0d9 wp-block-group-is-layout-grid\">\n<figure class=\"wp-block-image size-full\"><a href=\"https:\/\/www.gebr-stoecklin.ch\/\"><img loading=\"lazy\" decoding=\"async\" width=\"294\" height=\"100\" src=\"https:\/\/www.mvettingen.ch\/wp-content\/uploads\/2025\/10\/Logo-Sponsoren8.jpg\" alt=\"\" class=\"wp-image-391487\"\/><\/a><\/figure>\n\n\n\n<figure class=\"wp-block-image size-full wp-container-content-69bc4bdf\"><a href=\"https:\/\/zimmerei-stoecklin.ch\/\"><img loading=\"lazy\" decoding=\"async\" width=\"205\" height=\"50\" src=\"https:\/\/www.mvettingen.ch\/wp-content\/uploads\/2025\/10\/Logo-Sponsoren1.jpg\" alt=\"\" class=\"wp-image-391494\"\/><\/a><\/figure>\n\n\n\n<figure class=\"wp-block-image size-full\"><img loading=\"lazy\" decoding=\"async\" width=\"185\" height=\"103\" src=\"https:\/\/www.mvettingen.ch\/wp-content\/uploads\/2025\/10\/Logo-Sponsoren9.jpg\" alt=\"\" class=\"wp-image-391486\"\/><\/figure>\n\n\n\n<figure class=\"wp-block-image size-full\"><a href=\"https:\/\/www.blkb.ch\/\"><img loading=\"lazy\" decoding=\"async\" width=\"200\" height=\"90\" src=\"https:\/\/www.mvettingen.ch\/wp-content\/uploads\/2025\/10\/Logo-Sponsoren2.jpg\" alt=\"\" class=\"wp-image-391493\"\/><\/a><\/figure>\n<\/div>\n\n\n\n<div class=\"wp-block-group is-layout-grid wp-container-core-group-is-layout-9649a0d9 wp-block-group-is-layout-grid\">\n<figure class=\"wp-block-image size-full\"><a href=\"https:\/\/www.basler-bestattungen.ch\/\"><img loading=\"lazy\" decoding=\"async\" width=\"254\" height=\"86\" src=\"https:\/\/www.mvettingen.ch\/wp-content\/uploads\/2025\/10\/Logo-Sponsoren3.jpg\" alt=\"\" class=\"wp-image-391492\"\/><\/a><\/figure>\n<\/div>\n","protected":false},"excerpt":{"rendered":"<p>Bericht 13. Dezember 2025 Konzert zur Neu-Uniformierung Musikalischer Glanz und Modische Premiere: Musikverein Ettingen pr\u00e4sentiert neue Uniform Ettingen, 13. Dezember 2025 \u2013 Ein Abend voller Spannung, Musik und festlicher Atmosph\u00e4re pr\u00e4gte den vergangenen Samstag in der Aula des Schulhauses Hintere Matten. Zahlreiche Besucherinnen und Besucher str\u00f6mten zum Konzert des Musikvereins Ettingen, um dem aufregenden Moment [&hellip;]<\/p>\n","protected":false},"author":1,"featured_media":0,"parent":0,"menu_order":0,"comment_status":"closed","ping_status":"closed","template":"","meta":{"footnotes":""},"class_list":["post-391459","page","type-page","status-publish","hentry"],"_links":{"self":[{"href":"https:\/\/www.mvettingen.ch\/index.php?rest_route=\/wp\/v2\/pages\/391459","targetHints":{"allow":["GET"]}}],"collection":[{"href":"https:\/\/www.mvettingen.ch\/index.php?rest_route=\/wp\/v2\/pages"}],"about":[{"href":"https:\/\/www.mvettingen.ch\/index.php?rest_route=\/wp\/v2\/types\/page"}],"author":[{"embeddable":true,"href":"https:\/\/www.mvettingen.ch\/index.php?rest_route=\/wp\/v2\/users\/1"}],"replies":[{"embeddable":true,"href":"https:\/\/www.mvettingen.ch\/index.php?rest_route=%2Fwp%2Fv2%2Fcomments&post=391459"}],"version-history":[{"count":22,"href":"https:\/\/www.mvettingen.ch\/index.php?rest_route=\/wp\/v2\/pages\/391459\/revisions"}],"predecessor-version":[{"id":391539,"href":"https:\/\/www.mvettingen.ch\/index.php?rest_route=\/wp\/v2\/pages\/391459\/revisions\/391539"}],"wp:attachment":[{"href":"https:\/\/www.mvettingen.ch\/index.php?rest_route=%2Fwp%2Fv2%2Fmedia&parent=391459"}],"curies":[{"name":"wp","href":"https:\/\/api.w.org\/{rel}","templated":true}]}}

<h2 class="wp-block-heading" style="font-size:38px;line-height:1.4"><strong>Bericht 13. Dezember 2025 Konzert zur Neu-Uniformierung</strong></h2>


<div class="wp-block-image">
<figure class="aligncenter size-large"><img loading="lazy" decoding="async" width="1024" height="848" src="https://www.mvettingen.ch/wp-content/uploads/2025/12/IMG-20251213-WA00024-1024x848.jpg" alt="" class="wp-image-391533" srcset="https://www.mvettingen.ch/wp-content/uploads/2025/12/IMG-20251213-WA00024-1024x848.jpg 1024w, https://www.mvettingen.ch/wp-content/uploads/2025/12/IMG-20251213-WA00024-300x249.jpg 300w, https://www.mvettingen.ch/wp-content/uploads/2025/12/IMG-20251213-WA00024-768x636.jpg 768w, https://www.mvettingen.ch/wp-content/uploads/2025/12/IMG-20251213-WA00024-1536x1272.jpg 1536w, https://www.mvettingen.ch/wp-content/uploads/2025/12/IMG-20251213-WA00024-2048x1697.jpg 2048w" sizes="auto, (max-width: 1024px) 100vw, 1024px" /></figure>
</div>


<div class="wp-block-columns is-layout-flex wp-container-core-columns-is-layout-9d6595d7 wp-block-columns-is-layout-flex">
<div class="wp-block-column is-layout-flow wp-block-column-is-layout-flow">
<h2 class="wp-block-heading">Musikalischer Glanz und Modische Premiere: Musikverein Ettingen präsentiert neue Uniform</h2>



<p><strong>Ettingen, 13. Dezember 2025</strong> – Ein Abend voller Spannung, Musik und festlicher Atmosphäre prägte den vergangenen Samstag in der Aula des Schulhauses Hintere Matten. Zahlreiche Besucherinnen und Besucher strömten zum Konzert des <strong>Musikvereins Ettingen</strong>, um dem aufregenden Moment der <strong>Neu-Uniformierung</strong> beizuwohnen.</p>



<p>Die Erwartung war spürbar, als <strong>Didi Berger</strong> mit einer kurzen Begrüssung und Eröffnungsrede den Abend eröffnete. Didi Berger führte das Publikum <strong>spannend, lustig und abwechslungsreich</strong> durch das Programm und trug massgeblich zur lockeren Stimmung bei.</p>



<h3 class="wp-block-heading">Ein musikalischer Auftakt vor dem Catwalk</h3>



<p>Unter grossem Applaus betrat der Musikverein Ettingen die Bühne und legte gleich mit einem musikalischen Paukenschlag los: Mit der <strong>&#8222;Firework Selection&#8220;</strong> von G. F. Händel wurde das Publikum in Hochstimmung versetzt.</p>



<p>Danach war es soweit: Der Moment, auf den alle gewartet hatten. Die Musikerinnen und Musiker präsentierten ihre <strong>neue Uniform</strong>. In einer <strong>spannenden und abwechslungsreichen Präsentation</strong> wurden das <strong>Damen- und Herrenmodell</strong> sowie die praktische <strong>neue Softshell-Jacke</strong> vorgestellt – eine gelungene Kombination aus Tradition und modernem Tragekomfort.</p>



<h3 class="wp-block-heading">Vom Piratenepos zum Weihnachtsklassiker</h3>



<p>Nachdem die neue Garderobe gebührend gefeiert wurde, bewies der Musikverein Ettingen unter der <strong>musikalischen Leitung von Remo Schnyder</strong> einmal mehr seine Vielseitigkeit.</p>



<p>Das Ensemble entführte das Publikum zuerst in die Welt der grossen Leinwand: Die dramatischen Klänge aus <strong>&#8222;Pirates of the Caribbean&#8220;</strong> (John Williams) und das epische Thema von <strong>&#8222;1492 Conquest of Paradise&#8220;</strong> (Vangelis) bildeten einen beeindruckenden Block. Darauf folgte ein hochaktuelles Highlight: <strong>&#8222;The Code&#8220;</strong> von Nemo, das Siegerlied des Eurovision Song Contest 2024, welches für eine besondere Überraschung im Programm sorgte.</p>



<p>Anschliessend ging es weiter in eine andere Epoche und zu unterschiedlichen Stimmungen. Mit den schwungvollen <strong>&#8222;Evergreens der 30er Jahre&#8220;</strong> sorgte der Verein für beschwingte Momente, bevor die tiefgründigen Klänge von John Williams’ <strong>&#8222;A Prayer for Peace&#8220;</strong> folgten. Temperamentvoll wurde es mit dem <strong>&#8222;Ungarischen Tanz Nr. 5&#8220;</strong> von Johannes Brahms (arr. Siegfried Rundel). Das Publikum erlebte somit eine abwechslungsreiche Reise, die von Filmmusik über besinnliche Melodien und Evergreens bis hin zum ESC-Hit alles bot. Zum krönenden und festlichen Abschluss durften die beiden beliebten Weihnachtsklassiker <strong>Rudolph the Red-Nosed Reindeer</strong> und <strong>Stille Nacht</strong> natürlich nicht fehlen und rundeten das Programm perfekt ab.</p>



<h3 class="wp-block-heading">Ein würdiger Abschluss des Jubiläums</h3>



<p>Der Abend war ein <strong>gelungener, modischer und musikalischer Höhepunkt</strong> und bildete gleichzeitig den feierlichen <strong>Abschluss der Feierlichkeiten zum 100-jährigen Jubiläum</strong> des Musikvereins Ettingen.</p>



<p>Der Musikverein Ettingen bedankt sich von Herzen bei allen <strong>Sponsoren, Gönnern, Unterstützern, Behörden, Passivmitgliedern und Freunden</strong>, die durch ihre Hilfe die Anschaffung der neuen Uniform ermöglicht haben.</p>



<blockquote class="wp-block-quote is-layout-flow wp-block-quote-is-layout-flow">
<p>&#8222;Danke euch durften wir am Samstag den 13. Dezember unsere neue Uniform einweihen. Ein herzliches Dankeschön.&#8220;</p>
</blockquote>



<p>Mit diesem festlichen Ereignis verabschiedet sich der Musikverein Ettingen und wünscht allen <strong>schöne Weihnachten und einen guten Start ins 2026!</strong></p>



<p style="font-size:18px">Herzlichen Dank für Ihre grosszügige Unterstützung! Ihre Spende können Sie uns ganz einfach und bequem via Twint zukommen lassen.</p>



<div style="height:100px" aria-hidden="true" class="wp-block-spacer"></div>



<div id="rnw-paylink-button-xtpzc"></div>
<script type="module">
  import {TwintButton} from "https://unpkg.com/@raisenow/paylink-button@2/dist/TwintButton.js"
  TwintButton.render("#rnw-paylink-button-xtpzc", {
    "solution-id": "xtpzc",
    "solution-type": "donate",
    "language": "de",
    "size": "large",
    "width": "fixed",
    "color-scheme": "dark",
  })
</script>
</div>
</div>



<div style="height:44px" aria-hidden="true" class="wp-block-spacer"></div>



<figure class="wp-block-image size-full"><img loading="lazy" decoding="async" width="894" height="631" src="https://www.mvettingen.ch/wp-content/uploads/2025/11/Programmseite-1.png" alt="" class="wp-image-391526" srcset="https://www.mvettingen.ch/wp-content/uploads/2025/11/Programmseite-1.png 894w, https://www.mvettingen.ch/wp-content/uploads/2025/11/Programmseite-1-300x212.png 300w, https://www.mvettingen.ch/wp-content/uploads/2025/11/Programmseite-1-768x542.png 768w" sizes="auto, (max-width: 894px) 100vw, 894px" /></figure>



<div style="height:26px" aria-hidden="true" class="wp-block-spacer"></div>



<h2 class="wp-block-heading">Unsere Sponsoren für die Neu-Uniformierung</h2>



<div class="wp-block-group is-layout-grid wp-container-core-group-is-layout-9649a0d9 wp-block-group-is-layout-grid">
<figure class="wp-block-image size-full"><a href="https://share.google/UNOGzEED73weWFq9k"><img loading="lazy" decoding="async" width="253" height="94" src="https://www.mvettingen.ch/wp-content/uploads/2025/10/Logo-Sponsoren4.jpg" alt="" class="wp-image-391491"/></a></figure>



<figure class="wp-block-image size-full wp-container-content-69bc4bdf"><a href="https://jeker-beck.ch/"><img loading="lazy" decoding="async" width="236" height="94" src="https://www.mvettingen.ch/wp-content/uploads/2025/10/Logo-Sponsoren5.jpg" alt="" class="wp-image-391490"/></a></figure>



<figure class="wp-block-image size-full"><a href="https://www.thuering-spenglerei.ch/"><img loading="lazy" decoding="async" width="162" height="105" src="https://www.mvettingen.ch/wp-content/uploads/2025/10/Logo-Sponsoren6.jpg" alt="" class="wp-image-391489"/></a></figure>



<figure class="wp-block-image size-full"><img loading="lazy" decoding="async" width="204" height="86" src="https://www.mvettingen.ch/wp-content/uploads/2025/10/Logo-Sponsoren7.jpg" alt="" class="wp-image-391488"/></figure>
</div>



<div class="wp-block-group is-layout-grid wp-container-core-group-is-layout-9649a0d9 wp-block-group-is-layout-grid">
<figure class="wp-block-image size-full"><a href="https://www.gebr-stoecklin.ch/"><img loading="lazy" decoding="async" width="294" height="100" src="https://www.mvettingen.ch/wp-content/uploads/2025/10/Logo-Sponsoren8.jpg" alt="" class="wp-image-391487"/></a></figure>



<figure class="wp-block-image size-full wp-container-content-69bc4bdf"><a href="https://zimmerei-stoecklin.ch/"><img loading="lazy" decoding="async" width="205" height="50" src="https://www.mvettingen.ch/wp-content/uploads/2025/10/Logo-Sponsoren1.jpg" alt="" class="wp-image-391494"/></a></figure>



<figure class="wp-block-image size-full"><img loading="lazy" decoding="async" width="185" height="103" src="https://www.mvettingen.ch/wp-content/uploads/2025/10/Logo-Sponsoren9.jpg" alt="" class="wp-image-391486"/></figure>



<figure class="wp-block-image size-full"><a href="https://www.blkb.ch/"><img loading="lazy" decoding="async" width="200" height="90" src="https://www.mvettingen.ch/wp-content/uploads/2025/10/Logo-Sponsoren2.jpg" alt="" class="wp-image-391493"/></a></figure>
</div>



<div class="wp-block-group is-layout-grid wp-container-core-group-is-layout-9649a0d9 wp-block-group-is-layout-grid">
<figure class="wp-block-image size-full"><a href="https://www.basler-bestattungen.ch/"><img loading="lazy" decoding="async" width="254" height="86" src="https://www.mvettingen.ch/wp-content/uploads/2025/10/Logo-Sponsoren3.jpg" alt="" class="wp-image-391492"/></a></figure>
</div>

<p>Bericht 13. Dezember 2025 Konzert zur Neu-Uniformierung Musikalischer Glanz und Modische Premiere: Musikverein Ettingen präsentiert neue Uniform Ettingen, 13. Dezember 2025 – Ein Abend voller Spannung, Musik und festlicher Atmosphäre prägte den vergangenen Samstag in der Aula des Schulhauses Hintere Matten. Zahlreiche Besucherinnen und Besucher strömten zum Konzert des Musikvereins Ettingen, um dem aufregenden Moment [&hellip;]</p>
